{"id":453,"date":"2017-06-28T18:47:32","date_gmt":"2017-06-28T16:47:32","guid":{"rendered":"https:\/\/rohdewald.de\/?page_id=453"},"modified":"2019-02-11T17:04:03","modified_gmt":"2019-02-11T16:04:03","slug":"brevet-maastricht-600km","status":"publish","type":"page","link":"https:\/\/rohdewald.de\/?page_id=453","title":{"rendered":"Brevet Maastricht 600km"},"content":{"rendered":"<p>Mit Bernds altem Golf 2 hingefahren. Parken ist da nicht ganz einfach &#8211; in der Stadt sind alle Pl\u00e4tze geb\u00fchrenpflichtig, und man kann nicht f\u00fcr den n\u00e4chsten Tag zahlen. An der Strecke nach etwa 2km geparkt, genau da, wo die Zahlzone endet. Da gibt es auch einen Womo-Stellplatz. 24 Fahrer sind gestartet.<\/p>\n<p>Trocken, wenig Wind, praktisch alles alleine gefahren. Die meisten H\u00f6henmeter auf den ersten 150km (als ich noch am meisten Gewicht hatte &#8211; meine Spezialnahrung). 80km vor dem Ziel hinten eine Speiche aus der Nabe gerissen, nach Zentrieren ging es dann weiter. Die Strassen in Frankreich haben meinem alten Systemlaufrad (Laufleistung etwa 27000km) den Rest gegeben, und weil diese schnellen Laufr\u00e4der so wenig Speichen haben, h\u00e4tte es ohne Zentrieren noch nicht einmal durch den Rahmen gepasst.<\/p>\n<p>6km vor dem Ziel ein ganz besonders toller <a href=\"http:\/\/www.ijssalonpimpernelleke.be\/\">Eissalon Pimpernelleke<\/a>.<\/p>\n<p>Wenn alle anders als vorgegeben fahren, kann es auch mal sein, dass sie sich nicht irren \u2013 ich bin halt trotzdem dem Track gefolgt und durfte prompt durch eine Baustelle laufen &#8230;<br \/>\n<div id=\"tsmap_1\"  style=\"width: 100%; height: 480px; max-width: 100%\"><\/div><\/p>\n<figure id=\"attachment_480\" aria-describedby=\"caption-attachment-480\" style=\"width: 840px\" class=\"wp-caption alignleft\"><a href=\"https:\/\/rohdewald.de\/wp-content\/uploads\/2017\/06\/20170617_204817.jpg\"><img loading=\"lazy\" decoding=\"async\" class=\"size-large wp-image-480\" src=\"https:\/\/rohdewald.de\/wp-content\/uploads\/2017\/06\/20170617_204817-1024x576.jpg\" alt=\"\" width=\"840\" height=\"473\" srcset=\"https:\/\/rohdewald.de\/wp-content\/uploads\/2017\/06\/20170617_204817-1024x576.jpg 1024w, https:\/\/rohdewald.de\/wp-content\/uploads\/2017\/06\/20170617_204817-300x169.jpg 300w, https:\/\/rohdewald.de\/wp-content\/uploads\/2017\/06\/20170617_204817-768x432.jpg 768w, https:\/\/rohdewald.de\/wp-content\/uploads\/2017\/06\/20170617_204817-1200x675.jpg 1200w\" sizes=\"auto, (max-width: 709px) 85vw, (max-width: 909px) 67vw, (max-width: 1362px) 62vw, 840px\" \/><\/a><figcaption id=\"caption-attachment-480\" class=\"wp-caption-text\">Kommt man von Luxemburg nach Frankreich (hier bei Longwy), merkt man sofort, dass Luxemburg mehr Geld hat.<\/figcaption><\/figure>\n<figure id=\"attachment_481\" aria-describedby=\"caption-attachment-481\" style=\"width: 840px\" class=\"wp-caption alignleft\"><a href=\"https:\/\/rohdewald.de\/wp-content\/uploads\/2017\/06\/20170617_221157.jpg\"><img loading=\"lazy\" decoding=\"async\" class=\"size-large wp-image-481\" src=\"https:\/\/rohdewald.de\/wp-content\/uploads\/2017\/06\/20170617_221157-1024x576.jpg\" alt=\"\" width=\"840\" height=\"473\" srcset=\"https:\/\/rohdewald.de\/wp-content\/uploads\/2017\/06\/20170617_221157-1024x576.jpg 1024w, https:\/\/rohdewald.de\/wp-content\/uploads\/2017\/06\/20170617_221157-300x169.jpg 300w, https:\/\/rohdewald.de\/wp-content\/uploads\/2017\/06\/20170617_221157-768x432.jpg 768w, https:\/\/rohdewald.de\/wp-content\/uploads\/2017\/06\/20170617_221157-1200x675.jpg 1200w\" sizes=\"auto, (max-width: 709px) 85vw, (max-width: 909px) 67vw, (max-width: 1362px) 62vw, 840px\" \/><\/a><figcaption id=\"caption-attachment-481\" class=\"wp-caption-text\">Erster Nebel abends um 10 Uhr. Lauter laute Schafe (nicht im Bild) \u2013 die Kinder suchen die M\u00fctter f\u00fcr die Nachtruhe<\/figcaption><\/figure>\n<figure id=\"attachment_482\" aria-describedby=\"caption-attachment-482\" style=\"width: 840px\" class=\"wp-caption alignleft\"><a href=\"https:\/\/rohdewald.de\/wp-content\/uploads\/2017\/06\/20170618_043143.jpg\"><img loading=\"lazy\" decoding=\"async\" class=\"size-large wp-image-482\" src=\"https:\/\/rohdewald.de\/wp-content\/uploads\/2017\/06\/20170618_043143-1024x576.jpg\" alt=\"\" width=\"840\" height=\"473\" srcset=\"https:\/\/rohdewald.de\/wp-content\/uploads\/2017\/06\/20170618_043143-1024x576.jpg 1024w, https:\/\/rohdewald.de\/wp-content\/uploads\/2017\/06\/20170618_043143-300x169.jpg 300w, https:\/\/rohdewald.de\/wp-content\/uploads\/2017\/06\/20170618_043143-768x432.jpg 768w, https:\/\/rohdewald.de\/wp-content\/uploads\/2017\/06\/20170618_043143-1200x675.jpg 1200w\" sizes=\"auto, (max-width: 709px) 85vw, (max-width: 909px) 67vw, (max-width: 1362px) 62vw, 840px\" \/><\/a><figcaption id=\"caption-attachment-482\" class=\"wp-caption-text\">Nachts in Charleville: Beweisfoto, dass ich da war<\/figcaption><\/figure>\n<figure id=\"attachment_483\" aria-describedby=\"caption-attachment-483\" style=\"width: 840px\" class=\"wp-caption alignleft\"><a href=\"https:\/\/rohdewald.de\/wp-content\/uploads\/2017\/06\/20170618_050704.jpg\"><img loading=\"lazy\" decoding=\"async\" class=\"size-large wp-image-483\" src=\"https:\/\/rohdewald.de\/wp-content\/uploads\/2017\/06\/20170618_050704-1024x576.jpg\" alt=\"\" width=\"840\" height=\"473\" srcset=\"https:\/\/rohdewald.de\/wp-content\/uploads\/2017\/06\/20170618_050704-1024x576.jpg 1024w, https:\/\/rohdewald.de\/wp-content\/uploads\/2017\/06\/20170618_050704-300x169.jpg 300w, https:\/\/rohdewald.de\/wp-content\/uploads\/2017\/06\/20170618_050704-768x432.jpg 768w, https:\/\/rohdewald.de\/wp-content\/uploads\/2017\/06\/20170618_050704-1200x675.jpg 1200w\" sizes=\"auto, (max-width: 709px) 85vw, (max-width: 909px) 67vw, (max-width: 1362px) 62vw, 840px\" \/><\/a><figcaption id=\"caption-attachment-483\" class=\"wp-caption-text\">Wo der Morgennebel herkommt &#8230; (Meuse \/ Maas), morgens um 5 Uhr. Sehr laut &#8211; lauter V\u00f6gel.<\/figcaption><\/figure>\n<figure id=\"attachment_484\" aria-describedby=\"caption-attachment-484\" style=\"width: 840px\" class=\"wp-caption alignleft\"><a href=\"https:\/\/rohdewald.de\/wp-content\/uploads\/2017\/06\/20170618_071750.jpg\"><img loading=\"lazy\" decoding=\"async\" class=\"size-large wp-image-484\" src=\"https:\/\/rohdewald.de\/wp-content\/uploads\/2017\/06\/20170618_071750-1024x576.jpg\" alt=\"\" width=\"840\" height=\"473\" srcset=\"https:\/\/rohdewald.de\/wp-content\/uploads\/2017\/06\/20170618_071750-1024x576.jpg 1024w, https:\/\/rohdewald.de\/wp-content\/uploads\/2017\/06\/20170618_071750-300x169.jpg 300w, https:\/\/rohdewald.de\/wp-content\/uploads\/2017\/06\/20170618_071750-768x432.jpg 768w, https:\/\/rohdewald.de\/wp-content\/uploads\/2017\/06\/20170618_071750-1200x675.jpg 1200w\" sizes=\"auto, (max-width: 709px) 85vw, (max-width: 909px) 67vw, (max-width: 1362px) 62vw, 840px\" \/><\/a><figcaption id=\"caption-attachment-484\" class=\"wp-caption-text\">Unter dem Nebel w\u00e4re die Meuse (Maas)<\/figcaption><\/figure>\n<figure id=\"attachment_485\" aria-describedby=\"caption-attachment-485\" style=\"width: 840px\" class=\"wp-caption alignleft\"><a href=\"https:\/\/rohdewald.de\/wp-content\/uploads\/2017\/06\/20170618_072656.jpg\"><img loading=\"lazy\" decoding=\"async\" class=\"size-large wp-image-485\" src=\"https:\/\/rohdewald.de\/wp-content\/uploads\/2017\/06\/20170618_072656-1024x576.jpg\" alt=\"\" width=\"840\" height=\"473\" srcset=\"https:\/\/rohdewald.de\/wp-content\/uploads\/2017\/06\/20170618_072656-1024x576.jpg 1024w, https:\/\/rohdewald.de\/wp-content\/uploads\/2017\/06\/20170618_072656-300x169.jpg 300w, https:\/\/rohdewald.de\/wp-content\/uploads\/2017\/06\/20170618_072656-768x432.jpg 768w, https:\/\/rohdewald.de\/wp-content\/uploads\/2017\/06\/20170618_072656-1200x675.jpg 1200w\" sizes=\"auto, (max-width: 709px) 85vw, (max-width: 909px) 67vw, (max-width: 1362px) 62vw, 840px\" \/><\/a><figcaption id=\"caption-attachment-485\" class=\"wp-caption-text\">Die Meuse (Maas) mit Resten vom Morgennebel<\/figcaption><\/figure>\n<figure id=\"attachment_486\" aria-describedby=\"caption-attachment-486\" style=\"width: 840px\" class=\"wp-caption alignleft\"><a href=\"https:\/\/rohdewald.de\/wp-content\/uploads\/2017\/06\/20170618_080138.jpg\"><img loading=\"lazy\" decoding=\"async\" class=\"size-large wp-image-486\" src=\"https:\/\/rohdewald.de\/wp-content\/uploads\/2017\/06\/20170618_080138-1024x576.jpg\" alt=\"\" width=\"840\" height=\"473\" srcset=\"https:\/\/rohdewald.de\/wp-content\/uploads\/2017\/06\/20170618_080138-1024x576.jpg 1024w, https:\/\/rohdewald.de\/wp-content\/uploads\/2017\/06\/20170618_080138-300x169.jpg 300w, https:\/\/rohdewald.de\/wp-content\/uploads\/2017\/06\/20170618_080138-768x432.jpg 768w, https:\/\/rohdewald.de\/wp-content\/uploads\/2017\/06\/20170618_080138-1200x675.jpg 1200w\" sizes=\"auto, (max-width: 709px) 85vw, (max-width: 909px) 67vw, (max-width: 1362px) 62vw, 840px\" \/><\/a><figcaption id=\"caption-attachment-486\" class=\"wp-caption-text\">An der Meuse (Maas) in Frankreich kann man sehr sch\u00f6n Radfahren, ganz autofrei und guter Belag.<\/figcaption><\/figure>\n<figure id=\"attachment_487\" aria-describedby=\"caption-attachment-487\" style=\"width: 840px\" class=\"wp-caption alignleft\"><a href=\"https:\/\/rohdewald.de\/wp-content\/uploads\/2017\/06\/20170618_100059.jpg\"><img loading=\"lazy\" decoding=\"async\" class=\"size-large wp-image-487\" src=\"https:\/\/rohdewald.de\/wp-content\/uploads\/2017\/06\/20170618_100059-1024x576.jpg\" alt=\"\" width=\"840\" height=\"473\" srcset=\"https:\/\/rohdewald.de\/wp-content\/uploads\/2017\/06\/20170618_100059-1024x576.jpg 1024w, https:\/\/rohdewald.de\/wp-content\/uploads\/2017\/06\/20170618_100059-300x169.jpg 300w, https:\/\/rohdewald.de\/wp-content\/uploads\/2017\/06\/20170618_100059-768x432.jpg 768w, https:\/\/rohdewald.de\/wp-content\/uploads\/2017\/06\/20170618_100059-1200x675.jpg 1200w\" sizes=\"auto, (max-width: 709px) 85vw, (max-width: 909px) 67vw, (max-width: 1362px) 62vw, 840px\" \/><\/a><figcaption id=\"caption-attachment-487\" class=\"wp-caption-text\">Dinant an der Meuse (Maas)<\/figcaption><\/figure>\n","protected":false},"excerpt":{"rendered":"<p>Mit Bernds altem Golf 2 hingefahren. Parken ist da nicht ganz einfach &#8211; in der Stadt sind alle Pl\u00e4tze geb\u00fchrenpflichtig, und man kann nicht f\u00fcr den n\u00e4chsten Tag zahlen. An der Strecke nach etwa 2km geparkt, genau da, wo die Zahlzone endet. Da gibt es auch einen Womo-Stellplatz. 24 Fahrer sind gestartet. Trocken, wenig Wind, &hellip; <a href=\"https:\/\/rohdewald.de\/?page_id=453\" class=\"more-link\"><span class=\"screen-reader-text\">\u201eBrevet Maastricht 600km\u201c<\/span> weiterlesen<\/a><\/p>\n","protected":false},"author":3,"featured_media":0,"parent":46,"menu_order":0,"comment_status":"closed","ping_status":"closed","template":"","meta":{"_crdt_document":"","footnotes":""},"class_list":["post-453","page","type-page","status-publish","hentry"],"_links":{"self":[{"href":"https:\/\/rohdewald.de\/index.php?rest_route=\/wp\/v2\/pages\/453","targetHints":{"allow":["GET"]}}],"collection":[{"href":"https:\/\/rohdewald.de\/index.php?rest_route=\/wp\/v2\/pages"}],"about":[{"href":"https:\/\/rohdewald.de\/index.php?rest_route=\/wp\/v2\/types\/page"}],"author":[{"embeddable":true,"href":"https:\/\/rohdewald.de\/index.php?rest_route=\/wp\/v2\/users\/3"}],"replies":[{"embeddable":true,"href":"https:\/\/rohdewald.de\/index.php?rest_route=%2Fwp%2Fv2%2Fcomments&post=453"}],"version-history":[{"count":15,"href":"https:\/\/rohdewald.de\/index.php?rest_route=\/wp\/v2\/pages\/453\/revisions"}],"predecessor-version":[{"id":980,"href":"https:\/\/rohdewald.de\/index.php?rest_route=\/wp\/v2\/pages\/453\/revisions\/980"}],"up":[{"embeddable":true,"href":"https:\/\/rohdewald.de\/index.php?rest_route=\/wp\/v2\/pages\/46"}],"wp:attachment":[{"href":"https:\/\/rohdewald.de\/index.php?rest_route=%2Fwp%2Fv2%2Fmedia&parent=453"}],"curies":[{"name":"wp","href":"https:\/\/api.w.org\/{rel}","templated":true}]}}