{"id":1060,"date":"2019-08-29T16:49:53","date_gmt":"2019-08-29T14:49:53","guid":{"rendered":"https:\/\/rohdewald.de\/?page_id=1060"},"modified":"2020-04-22T20:03:45","modified_gmt":"2020-04-22T18:03:45","slug":"velotraum-zu-verkaufen","status":"publish","type":"page","link":"https:\/\/rohdewald.de\/?page_id=1060","title":{"rendered":"Velotraum zu verkaufen"},"content":{"rendered":"\n<p>Neupreis 2014 war knapp 3000\u20ac, Verhandlungsbasis 1333,33\u20ac.<\/p>\n<ul>\n<li>Alu, 26 Zoll, 13kg<\/li>\n<li>Laufleistung etwa 11000 km, etwa 2.5 Jahre gefahren, seit etwa 2.5 Jahren unbenutzt<\/li>\n<li>Felgenbremsen<\/li>\n<li>Nabendynamo SON28 SL, Scheinwerfer SON Edelux II<\/li>\n<li>f\u00e4hrt sich sehr stabil und ruhig<\/li>\n<li>Schaltgruppe 3fach Ultegra, eine Kombi aus RR\/MTB, harmonisiert gut.<\/li>\n<li>Reifen: Marathon Racer 40-559 Evolution HD<\/li>\n<li>ohne Sattel<\/li>\n<li>mit unbenutztem Ersatz-Schaltauge<\/li>\n<li>Ein paar Stellen mit kleinen Lacksch\u00e4den<\/li>\n<li>Sattelst\u00fctze Cane Creek Thudbuster ST Sattelst\u00fctze Cane Creek<\/li>\n<li>Pitlock f\u00fcr Sattelst\u00fctze und Laufr\u00e4der<\/li>\n<\/ul>\n\n\n\n<figure class=\"wp-block-image size-large\"><img loading=\"lazy\" decoding=\"async\" width=\"1024\" height=\"576\" src=\"https:\/\/rohdewald.de\/wp-content\/uploads\/2019\/08\/20190829_163720-1024x576.jpg\" alt=\"\" class=\"wp-image-1061\" srcset=\"https:\/\/rohdewald.de\/wp-content\/uploads\/2019\/08\/20190829_163720-1024x576.jpg 1024w, https:\/\/rohdewald.de\/wp-content\/uploads\/2019\/08\/20190829_163720-300x169.jpg 300w, https:\/\/rohdewald.de\/wp-content\/uploads\/2019\/08\/20190829_163720-768x432.jpg 768w, https:\/\/rohdewald.de\/wp-content\/uploads\/2019\/08\/20190829_163720-1200x675.jpg 1200w\" sizes=\"auto, (max-width: 709px) 85vw, (max-width: 909px) 67vw, (max-width: 1362px) 62vw, 840px\" \/><\/figure>\n","protected":false},"excerpt":{"rendered":"","protected":false},"author":3,"featured_media":0,"parent":0,"menu_order":0,"comment_status":"closed","ping_status":"closed","template":"","meta":{"_crdt_document":"","footnotes":""},"class_list":["post-1060","page","type-page","status-publish","hentry"],"_links":{"self":[{"href":"https:\/\/rohdewald.de\/index.php?rest_route=\/wp\/v2\/pages\/1060","targetHints":{"allow":["GET"]}}],"collection":[{"href":"https:\/\/rohdewald.de\/index.php?rest_route=\/wp\/v2\/pages"}],"about":[{"href":"https:\/\/rohdewald.de\/index.php?rest_route=\/wp\/v2\/types\/page"}],"author":[{"embeddable":true,"href":"https:\/\/rohdewald.de\/index.php?rest_route=\/wp\/v2\/users\/3"}],"replies":[{"embeddable":true,"href":"https:\/\/rohdewald.de\/index.php?rest_route=%2Fwp%2Fv2%2Fcomments&post=1060"}],"version-history":[{"count":3,"href":"https:\/\/rohdewald.de\/index.php?rest_route=\/wp\/v2\/pages\/1060\/revisions"}],"predecessor-version":[{"id":1064,"href":"https:\/\/rohdewald.de\/index.php?rest_route=\/wp\/v2\/pages\/1060\/revisions\/1064"}],"wp:attachment":[{"href":"https:\/\/rohdewald.de\/index.php?rest_route=%2Fwp%2Fv2%2Fmedia&parent=1060"}],"curies":[{"name":"wp","href":"https:\/\/api.w.org\/{rel}","templated":true}]}}